-6 - 0. Is l/(-15) + d/10 a composite number?
False
Let m(n) = 6*n**2 + 6*n + 4. Let k be m(6). Suppose 6*w - w = -2*s + 128, 4*s = -4*w + k. Suppose 0 = 4*l + 4*f + f - 47, 5*l = -f + s. Is l composite?
False
Suppose 4*c = 6*c + 6. Is (476/(-6) - -1)*c prime?
False
Let k(a) = a**3 - 2*a**2 + a - 1. Is k(3) a prime number?
True
Let x(n) = 81*n**2 + 3*n + 21. Is x(4) prime?
False
Suppose 5*l = -2*j + 3183, -2*l + 41 + 1241 = 3*j. Is l a composite number?
True
Let z(s) = 2*s**2 + 2. Let b = 5 - 3. Let m be z(b). Is 512/m - 3/15 a prime number?
False
Suppose -3*b + 15 = -0*m - 3*m, 3*b - 6 = 0. Let u(w) = -2*w**2 - 14*w - 3. Let n(r) = r**2 + 7*r + 2. Let q(f) = m*u(f) - 5*n(f). Is q(-8) composite?
False
Let n = 18 - 23. Let u(q) = 3*q - 8*q - 7 - 3*q. Is u(n) a composite number?
True
Let a(v) = -6*v**2 - 4*v + 2. Let z(t) = t**2 - t. Let i(f) = -a(f) + 2*z(f). Let q be 6/(-4) + 2/(-4). Is i(q) a composite number?
True
Let w(p) = -19*p - 38. Is w(-7) prime?
False
Let g(d) = -d**3 + 15*d**2 + 12*d - 4. Let m be g(9). Suppose -5*q + m + 665 = 0. Is q a prime number?
True
Let j = 129 + -78. Let v = 82 - j. Is v a prime number?
True
Let z(c) = 22*c**2 + 1. Let f be ((-3 - -1) + 1)*1. Is z(f) prime?
True
Suppose 2*i + 5*b = 1212, -i = -2*b - 2*b - 606. Is i + 3 + 8/2 composite?
False
Suppose -242 + 22 = -2*o. Suppose -248 = 4*g - 0*g - 5*d, -256 = 4*g - 3*d. Let r = g + o. Is r a prime number?
True
Let y = -2 - -2. Let k be (-1 - y)*(6 - 3). Is (-1*2 - k) + 52 prime?
True
Suppose 90 = 8*i - 3*i. Let y = i - -1. Is y prime?
True
Let c = 381 - -3112. Is c a prime number?
False
Suppose -s = 3*d - 7*d + 4, 0 = -d + 2. Suppose f = -s*f + 1390. Is f a prime number?
False
Let t = 219 + 46. Is t a composite number?
True
Let z be -4 - -2 - (-5 + 1). Suppose z*h - 165 = -0*h - o, 4*h - 331 = -o. Is h prime?
True
Let u(n) = n**2 + 6. Let o be u(0). Suppose 4*h = -4*c + 100, -o*c + 71 = -3*c + 2*h. Is c a composite number?
True
Suppose 0 = q + 3*b - 15, 0*q = 5*q - 5*b + 25. Suppose q = 5*n - n - 1220. Is n composite?
True
Let k = -8 + 13. Suppose 564 = k*q - 1861. Is q a prime number?
False
Let t be (1/(-2))/(7/112). Let c(w) = 7*w**2 + 2*w**3 - w - 9*w - w**3 - 1. Is c(t) a prime number?
False
Suppose 3*m - 3977 - 4360 = 0. Is m a composite number?
True
Let k = -7 - -7. Suppose 3*z = -k*z + 120. Suppose -30 = -5*l + z. Is l a composite number?
True
Let s(p) = p**3 - 8*p**2 - 9*p - 7. Let y be s(10). Suppose -d = -3 - y. Suppose -f = -3*f + d. Is f a prime number?
True
Let t = -346 + 552. Is t prime?
False
Let a = 15 + -10. Suppose p + 7 = 5*v, 3*v - a = -3*p + 10. Suppose -p*k = -8*k + 335. Is k composite?
False
Suppose -2*n + 158 = -1256. Is n composite?
True
Suppose -3*b - 4 = -5*b. Suppose 0*z = -b*z + 208. Let g = z + -58. Is g a prime number?
False
Suppose -3*j - 32 = j. Let i be (-2)/j - (-45)/(-20). Let g = i + 6. Is g a prime number?
False
Suppose 0 = 3*d + 3*n + 2208 - 735, 0 = d - 3*n + 499. Let p = -314 - d. Is p a prime number?
True
Let j(t) = -32*t - 7. Is j(-16) prime?
False
Suppose 3*o = -3*a + 8*a - 49, -4*a = 4*o - 20. Is (299 - -1) + -9 + a a composite number?
True
Let v(l) = -10*l + 2. Let p be v(-5). Suppose -3*c + 56 = -p. Let r = 1 + c. Is r a prime number?
True
Let f(s) = s**3 + 2*s**2 + 9511. Is f(0) a prime number?
True
Let w = -7 + 6. Is (-1161)/(-12) - w/4 a prime number?
True
Let b(a) = -a**2 - 4*a - 1. Let q be b(-3). Suppose -q*h = h - 489. Is h a prime number?
True
Let w = -29 + 14. Let v = 24 - w. Is v a composite number?
True
Let u(n) = -n + 3*n - 8*n - 4. Let p be u(-6). Let j = p - 9. Is j a prime number?
True
Let k(d) = -48*d + 17. Is k(-4) composite?
True
Suppose 0*v - 3*v = -24. Is (-77)/4*v/(-2) composite?
True
Let r = -357 + 548. Is r a prime number?
True
Let a be (-8)/(-6)*201/2. Let n = 213 - a. Is n prime?
True
Let l = -177 - 31. Let v = -123 - l. Is v prime?
False
Let c be (-1 - 1) + (-1 - -5). Let q(v) = v + 1 - 3*v**c - 3 + v**3 - 7*v + 1. Is q(5) a composite number?
False
Is (-30)/(-90) + 1466/3 composite?
True
Let l = 2367 + -661. Is l a composite number?
True
Is (-23562)/(-22) + (1 - -1) prime?
False
Let i(w) = 49*w - 9. Is i(4) a composite number?
True
Let u = 13 + -2. Let r = u + -6. Suppose -4 = r*b - 414. Is b composite?
True
Let z be -3 + 1 + (2 - 1). Let a be (z/1)/((-6)/30). Suppose -2*m = 4*c - a*m - 39, 0 = -c - m + 1. Is c a prime number?
False
Let h(r) = -197*r - 3. Is h(-2) a composite number?
True
Let t(w) = w**3 - 4*w**2 + 2*w - 1. Let n = 11 + 8. Suppose 0 = -4*h + 2*h - f + 8, 3*f - n = -5*h. Is t(h) prime?
False
Suppose 5*w - 18 = 2*w. Let k(u) = -2*u + 0*u + 6*u + 2. Is k(w) a prime number?
False
Suppose y = 3 - 1. Suppose -2 - y = -x. Suppose -499 = -x*r - 119. Is r a composite number?
True
Suppose 4*h - 12948 = 2*a - 3940, -3*h - a = -6751. Is h prime?
True
Is ((-18)/4 + 2)*-254 prime?
False
Suppose -556 = -f + 855. Is f prime?
False
Let p(i) = 3*i**2 + 1. Let d be p(1). Suppose -2*w + 5*v = -0*w - 7, -w - d*v = 3. Suppose 2*r - w = 3*a + 90, -190 = -4*r - 2*a. Is r a composite number?
False
Let a = 0 - 0. Suppose a*o - 3*o + 184 = 5*c, 5*o = -3*c + 120. Is c a composite number?
True
Let u(p) = p**3 + p + 422. Let s be u(0). Suppose -s = 5*i - 7*i. Is i prime?
True
Let p(x) = 1149*x + 2. Is p(1) a prime number?
True
Let i(f) = 5*f**3 - 5*f**2 + 3*f - 5. Let l be i(4). Suppose 4*x - l = x - 4*p, -5*p = 10. Is x a prime number?
False
Let h(p) = 14*p - 7. Let x be h(7). Suppose g = -3, -x = -4*i - 0*i + g. Is i a prime number?
False
Suppose 7*h - 3324 + 391 = 0. Is h a prime number?
True
Suppose 4*s - 1053 - 113 = -2*o, 0 = 2*s + 4*o - 574. Is s prime?
True
Suppose 4*v = 4*z + 713 - 1785, z = -3*v + 272. Suppose 0*r - 3*u = -3*r + 171, 0 = -5*r - 3*u + z. Is r a prime number?
False
Let d(n) = -n**2 + 131 + n - 2*n + 0*n - 40. Let o be d(0). Suppose -o + 746 = 5*c. Is c prime?
True
Let o(w) = 12*w - 6. Let d be o(6). Is 1250/22 + 12/d a prime number?
False
Let t = -10 - -21. Let n = -8 + t. Is n composite?
False
Is 2180 + -2 + 1 + 0 a composite number?
False
Suppose -3 = -0*g - 2*g - l, 0 = 5*g - 3*l - 24. Suppose x - 183 = -3*z - 2*z, -g*z - 621 = -3*x. Is x a composite number?
True
Let a be (1*-3)/(9/(-12)). Let y(t) = -2*t**3 + 2*t**2 + 3*t + 4. Let d be y(a). Let z = d + 163. Is z a composite number?
False
Let f(c) = -c**3 + 4*c**2 + 2*c - 5. Let v be f(4). Let t(j) = 18*j**2 - 3*j + 4. Is t(v) a prime number?
True
Let f(y) = y**2 - 7*y - 25. Is f(-8) prime?
False
Let c be 9/(-1)*(-4 - 52). Suppose -2*a = 2*a + 20, 4*a = 4*d - c. Is d composite?
True
Suppose 0 = -4*j + 699 + 297. Suppose -2*s + 2*x + 3*x = -j, -s - 5*x = -132. Is s a prime number?
True
Suppose 0 = 3*i - 0*i - 231. Is i prime?
False
Suppose -3*p - 3*z + 6 = -0*p, -4*p = 2*z. Suppose 2*d + 5*o = -16, 1 = -5*d - 4*o - 5. Is ((-26)/p)/(d/4) composite?
True
Let y(r) = -r**3 - r. Let g be y(0). Suppose f + 2*f = g. Suppose u - 4*u + 57 = f. Is u prime?
True
Let l(d) = -d**3 + 5*d**2 + 2*d - 6. Let r be l(5). Let z(f) = -4*f - 17*f - 8*f + r. Is z(-5) a prime number?
True
Suppose 4*c = -4*i + i + 2819, 5*c = 2*i + 3495. Is c a prime number?
True
Let t(k) = 44*k + 3. Is t(11) composite?
False
Let j(z) = 6*z**3 - 2*z**2 + 2*z - 1. Let g be j(1). Suppose -4*w = -g*r - 9, -2*w + 2*r + 2 = -0*w. Let d(a) = 6*a**2 + 7*a + 6. Is d(w) a prime number?
False
Let w = 4 - 5. Let a be 1 + (0 - w/1). Suppose a*s - 184 = 5*m, -4*s - m - 4*m + 398 = 0. Is s a composite number?
False
Let a be (12*236/(-8))/(-2). Let b = 296 - a. Is b prime?
False
Suppose 6*b - 4*b - 92 = 0. Is b a composite number?
True
Let o(p) = 3*p**2 + 7*p + 4. Let k be o(-4). Suppose 25 = a + 4*l - k, -5*l + 154 = 3*a. Is a prime?
True
Is (2104/40 - (-2)/5)/1 prime?
True
Let s(g) = g**2 + g + 1. Let t be s(-2). Is ((0 - -14) + t)*3 prime?
False
Let q(w) = -w**3 - 7*w**2 - 7*w - 8. Let m be q(-6). Is (-5)/m*(-14)/(-5) prime?
True
Let u be (-177)/(-15) + 5/25. Suppose 5*l - 19 = 1. Suppose 3*d = -w - u + 2, 2*d + 16 = l*w. Is w prime?
True
Let m(v) = 62*v - 6. Let a(o) = -15*o - 4. Let z(h) = 14*h + 5. Let f(u) = -7*a(u) - 6*z(u). Let s(j) = -11*f(j) + 4*m(j). Is s(3) a composite number?
True
Suppose 0 = -5*a + 4*a + 3. Let u be -1 - -1 - 2 - a. Let d(c) = -c**2 - 10*c - 6. I